{"id":28741,"date":"2021-05-20T00:55:52","date_gmt":"2021-05-19T22:55:52","guid":{"rendered":"https:\/\/old.fuertafit.com\/?page_id=28741"},"modified":"2021-06-21T11:33:40","modified_gmt":"2021-06-21T09:33:40","slug":"reaccion","status":"publish","type":"page","link":"https:\/\/old.fuertafit.com\/?page_id=28741","title":{"rendered":"Reacci\u00f3n"},"content":{"rendered":"<p>[et_pb_section fb_built=\u00bb1&#8243; _builder_version=\u00bb4.9.6&#8243; background_color=\u00bb#FFFFFF\u00bb background_enable_image=\u00bboff\u00bb background_size=\u00bbcontain\u00bb width=\u00bb100%\u00bb max_width=\u00bb100%\u00bb module_alignment=\u00bbcenter\u00bb max_height=\u00bb1000px\u00bb max_height_tablet=\u00bb\u00bb max_height_phone=\u00bb\u00bb max_height_last_edited=\u00bbon|desktop\u00bb custom_margin=\u00bb-9px||0px||false|false\u00bb custom_padding=\u00bb0px||0px||false|false\u00bb custom_css_main_element=\u00bbpadding: 0 !important;\u00bb][et_pb_row _builder_version=\u00bb4.9.6&#8243; _module_preset=\u00bbdefault\u00bb background_color=\u00bb#FFFFFF\u00bb width=\u00bb67%\u00bb custom_margin=\u00bb0px||0px||false|false\u00bb custom_padding=\u00bb0px||0px||false|false\u00bb hover_enabled=\u00bb0&#8243; sticky_enabled=\u00bb0&#8243;][et_pb_column type=\u00bb4_4&#8243; _builder_version=\u00bb4.9.4&#8243; _module_preset=\u00bbdefault\u00bb][et_pb_image src=\u00bbhttps:\/\/old.fuertafit.com\/wp-content\/uploads\/Reaccion.jpg\u00bb title_text=\u00bbReaccion\u00bb align=\u00bbcenter\u00bb force_fullwidth=\u00bbon\u00bb _builder_version=\u00bb4.9.4&#8243; _module_preset=\u00bbdefault\u00bb background_color=\u00bb#FFFFFF\u00bb min_height_tablet=\u00bb\u00bb min_height_phone=\u00bb\u00bb min_height_last_edited=\u00bbon|tablet\u00bb height_tablet=\u00bb\u00bb height_phone=\u00bb\u00bb height_last_edited=\u00bbon|tablet\u00bb max_height_tablet=\u00bb\u00bb max_height_phone=\u00bb\u00bb max_height_last_edited=\u00bbon|desktop\u00bb][\/et_pb_image][\/et_pb_column][\/et_pb_row][\/et_pb_section][et_pb_section fb_built=\u00bb1&#8243; _builder_version=\u00bb4.9.6&#8243; _module_preset=\u00bbdefault\u00bb background_color=\u00bbRGBA(0,0,0,0)\u00bb width=\u00bb89%\u00bb max_width=\u00bb89%\u00bb module_alignment=\u00bbcenter\u00bb custom_margin=\u00bb20px||0px||false|false\u00bb custom_margin_tablet=\u00bb\u00bb custom_margin_phone=\u00bb\u00bb custom_margin_last_edited=\u00bbon|phone\u00bb custom_padding=\u00bb2px||0px||false|false\u00bb global_module=\u00bb30455&#8243; saved_tabs=\u00bball\u00bb global_colors_info=\u00bb{%22gcid-2f335be8-813f-4ba0-8aff-2f16d40c7b12%22:%91%93}\u00bb][et_pb_row custom_padding_last_edited=\u00bbon|phone\u00bb _builder_version=\u00bb4.9.6&#8243; _module_preset=\u00bbdefault\u00bb background_color=\u00bbgcid-2f335be8-813f-4ba0-8aff-2f16d40c7b12&#8243; width=\u00bb76%\u00bb width_tablet=\u00bb80%\u00bb width_phone=\u00bb80%\u00bb width_last_edited=\u00bbon|tablet\u00bb module_alignment=\u00bbcenter\u00bb min_height_tablet=\u00bb\u00bb min_height_phone=\u00bb\u00bb min_height_last_edited=\u00bbon|tablet\u00bb custom_margin=\u00bb0px||25px||false|false\u00bb custom_margin_tablet=\u00bb\u00bb custom_margin_phone=\u00bb\u00bb custom_margin_last_edited=\u00bbon|tablet\u00bb custom_padding=\u00bb||||false|false\u00bb custom_padding_tablet=\u00bb|||20px|false|false\u00bb custom_padding_phone=\u00bb6px|10px|0px|10px|false|false\u00bb border_radii=\u00bbon|10px|10px|10px|10px\u00bb border_color_all=\u00bbgcid-9865085f-9998-4caa-a507-e41e922b4b7d\u00bb global_colors_info=\u00bb{%22gcid-0d5861ec-eb4b-4837-a938-3b0d11abf17e%22:%91%93,%22gcid-9865085f-9998-4caa-a507-e41e922b4b7d%22:%91%22border_color_all%22,%22border_color_all%22%93,%22gcid-de7c3adc-4d9f-441b-8b1b-529fc3bbef00%22:%91%22background_color%22%93,%22gcid-2f335be8-813f-4ba0-8aff-2f16d40c7b12%22:%91%22background_color%22%93}\u00bb][et_pb_column type=\u00bb4_4&#8243; _builder_version=\u00bb4.9.4&#8243; _module_preset=\u00bbdefault\u00bb][et_pb_text admin_label=\u00bbTexto\u00bb _builder_version=\u00bb4.9.6&#8243; _module_preset=\u00bbdefault\u00bb header_font=\u00bbMontserrat|800|||||||\u00bb header_text_align=\u00bbcenter\u00bb header_text_color=\u00bb#000000&#8243; header_font_size=\u00bb50px\u00bb header_letter_spacing=\u00bb1px\u00bb header_line_height=\u00bb2em\u00bb header_4_font=\u00bbPoppins||||||||\u00bb header_4_text_color=\u00bb#FFFFFF\u00bb header_4_font_size=\u00bb15px\u00bb header_4_line_height=\u00bb1.4em\u00bb custom_margin=\u00bb||||false|false\u00bb custom_padding=\u00bb|15px||15px|false|false\u00bb custom_padding_tablet=\u00bb\u00bb custom_padding_phone=\u00bb0px|0px|0px|0px|false|false\u00bb custom_padding_last_edited=\u00bbon|phone\u00bb header_font_size_tablet=\u00bb33px\u00bb header_font_size_phone=\u00bb31px\u00bb header_font_size_last_edited=\u00bbon|phone\u00bb]<\/p>\n<h4 style=\"text-align: center;\"><a href=\"https:\/\/www.fuertafit.com\/programas\">ESTE ES UNO DE LOS PLANES QUE ENCONTRAR\u00c1S DENTRO DE FUERTAFIT+. HAZ CLIC AQU\u00cd SI QUIERES SABER TODOS LOS PLANES QUE TENDR\u00c1S AL INSCRIBIRTE A NUESTRO GIMNASIO ONLINE.<\/a><\/h4>\n<p>[\/et_pb_text][\/et_pb_column][\/et_pb_row][\/et_pb_section][et_pb_section fb_built=\u00bb1&#8243; _builder_version=\u00bb4.9.6&#8243; _module_preset=\u00bbdefault\u00bb width=\u00bb89%\u00bb max_width=\u00bb89%\u00bb module_alignment=\u00bbcenter\u00bb custom_margin=\u00bb-4px||0px||false|false\u00bb custom_padding=\u00bb0px||0px||false|false\u00bb][et_pb_row custom_padding_last_edited=\u00bbon|phone\u00bb _builder_version=\u00bb4.9.6&#8243; _module_preset=\u00bbdefault\u00bb background_color=\u00bbgcid-de7c3adc-4d9f-441b-8b1b-529fc3bbef00&#8243; width=\u00bb76%\u00bb width_tablet=\u00bb80%\u00bb width_phone=\u00bb80%\u00bb width_last_edited=\u00bbon|tablet\u00bb module_alignment=\u00bbcenter\u00bb min_height_tablet=\u00bb\u00bb min_height_phone=\u00bb\u00bb min_height_last_edited=\u00bbon|tablet\u00bb custom_margin=\u00bb0px||40px||false|false\u00bb custom_margin_tablet=\u00bb\u00bb custom_margin_phone=\u00bb\u00bb custom_margin_last_edited=\u00bbon|tablet\u00bb custom_padding=\u00bb0px||||false|false\u00bb custom_padding_tablet=\u00bb|||20px|false|false\u00bb custom_padding_phone=\u00bb|12px||20px|false|false\u00bb border_radii=\u00bbon|10px|10px|10px|10px\u00bb border_color_all=\u00bbgcid-9865085f-9998-4caa-a507-e41e922b4b7d\u00bb global_colors_info=\u00bb{%22gcid-0d5861ec-eb4b-4837-a938-3b0d11abf17e%22:%91%93,%22gcid-9865085f-9998-4caa-a507-e41e922b4b7d%22:%91%22border_color_all%22,%22background_color%22%93,%22gcid-de7c3adc-4d9f-441b-8b1b-529fc3bbef00%22:%91%22background_color%22%93}\u00bb][et_pb_column type=\u00bb4_4&#8243; _builder_version=\u00bb4.9.4&#8243; _module_preset=\u00bbdefault\u00bb][et_pb_text _builder_version=\u00bb4.9.4&#8243; _module_preset=\u00bbdefault\u00bb header_font=\u00bbPoppins|800|||||||\u00bb header_text_align=\u00bbcenter\u00bb header_text_color=\u00bb#000000&#8243; header_font_size=\u00bb50px\u00bb header_letter_spacing=\u00bb1px\u00bb header_line_height=\u00bb2em\u00bb custom_margin=\u00bb0px||-14px||false|false\u00bb custom_padding=\u00bb0px||0px||false|false\u00bb header_font_size_tablet=\u00bb33px\u00bb header_font_size_phone=\u00bb31px\u00bb header_font_size_last_edited=\u00bbon|phone\u00bb locked=\u00bboff\u00bb]<\/p>\n<h1 style=\"text-align: center;\"><strong>REACCI\u00d3N<\/strong><\/h1>\n<p>[\/et_pb_text][et_pb_blurb image=\u00bbhttps:\/\/old.fuertafit.com\/wp-content\/uploads\/deportista-2.png\u00bb icon_placement=\u00bbleft\u00bb content_tablet=\u00bb<\/p>\n<p style=%22text-align: left;%22><span style=%22font-weight: 400;%22>Rutinas cardiovasculares con cambios r\u00e1pidos de ejercicios a la se\u00f1al de los pitidos.<\/span><\/p>\n<p>\u00bb content_phone=\u00bb<\/p>\n<p style=%22text-align: left;%22><span style=%22font-weight: 400;%22>Rutinas cardiovasculares con cambios r\u00e1pidos de ejercicios a la se\u00f1al de los pitidos.<\/span><\/p>\n<p>\u00bb content_last_edited=\u00bbon|phone\u00bb _builder_version=\u00bb4.9.4&#8243; _module_preset=\u00bbdefault\u00bb body_font=\u00bbMontserrat|500|||||||\u00bb body_font_size=\u00bb16px\u00bb body_line_height=\u00bb1.5em\u00bb text_orientation=\u00bbcenter\u00bb]<\/p>\n<p style=\"padding-left: 40px; text-align: left;\"><span style=\"font-weight: 400;\">Rutinas cardiovasculares con cambios r\u00e1pidos de ejercicios a la se\u00f1al de los pitidos.<\/span><\/p>\n<p>[\/et_pb_blurb][et_pb_blurb image=\u00bbhttps:\/\/old.fuertafit.com\/wp-content\/uploads\/circulo.png\u00bb icon_placement=\u00bbleft\u00bb content_tablet=\u00bb<\/p>\n<p style=%22text-align: left;%22><span style=%22font-weight: 400;%22>Mejora tu resistencia y capacidad cardiorrespiratoria con estas rutinas divertidas.<\/span><\/p>\n<p>\u00bb content_phone=\u00bb<\/p>\n<p style=%22text-align: left;%22><span style=%22font-weight: 400;%22>Mejora tu resistencia y capacidad cardiorrespiratoria con estas rutinas divertidas.<\/span><\/p>\n<p>\u00bb content_last_edited=\u00bbon|tablet\u00bb _builder_version=\u00bb4.9.4&#8243; _module_preset=\u00bbdefault\u00bb body_font=\u00bbMontserrat|500|||||||\u00bb body_font_size=\u00bb16px\u00bb body_line_height=\u00bb1.5em\u00bb text_orientation=\u00bbcenter\u00bb]<\/p>\n<p style=\"text-align: left; padding-left: 40px;\"><span style=\"font-weight: 400;\">Mejora tu resistencia y capacidad cardiorrespiratoria con estas rutinas divertidas.<\/span><\/p>\n<p>[\/et_pb_blurb][et_pb_blurb image=\u00bbhttps:\/\/old.fuertafit.com\/wp-content\/uploads\/Corazon-1.png\u00bb icon_placement=\u00bbleft\u00bb content_tablet=\u00bb<\/p>\n<p style=%22text-align: left;%22><span style=%22font-weight: 400;%22>Intensidad media.<\/span><\/p>\n<p>\u00bb content_phone=\u00bb<\/p>\n<p style=%22text-align: left;%22><span style=%22font-weight: 400;%22>Intensidad media.<\/span><\/p>\n<p>\u00bb content_last_edited=\u00bbon|phone\u00bb _builder_version=\u00bb4.9.4&#8243; _module_preset=\u00bbdefault\u00bb body_font=\u00bbMontserrat|500|||||||\u00bb body_font_size=\u00bb16px\u00bb body_line_height=\u00bb1.5em\u00bb text_orientation=\u00bbcenter\u00bb]<\/p>\n<p style=\"text-align: left; padding-left: 40px;\"><span style=\"font-weight: 400;\">Intensidad media.<\/span><\/p>\n<p>[\/et_pb_blurb][et_pb_blurb image=\u00bbhttps:\/\/old.fuertafit.com\/wp-content\/uploads\/tache.png\u00bb icon_placement=\u00bbleft\u00bb content_tablet=\u00bb<\/p>\n<p style=%22text-align: left;%22><span style=%22font-weight: 400;%22>Estas rutinas las puede realizar todo el mundo ya que se da la versi\u00f3n sin impacto de los ejercicios.<\/span><\/p>\n<p>\u00bb content_phone=\u00bb<\/p>\n<p style=%22text-align: left;%22><span style=%22font-weight: 400;%22>Estas rutinas las puede realizar todo el mundo ya que se da la versi\u00f3n sin impacto de los ejercicios.<\/span><\/p>\n<p>\u00bb content_last_edited=\u00bbon|phone\u00bb _builder_version=\u00bb4.9.4&#8243; _module_preset=\u00bbdefault\u00bb body_font=\u00bbMontserrat|500|||||||\u00bb body_font_size=\u00bb16px\u00bb body_line_height=\u00bb1.5em\u00bb text_orientation=\u00bbcenter\u00bb]<\/p>\n<p style=\"padding-left: 40px; text-align: left;\"><span style=\"font-weight: 400;\">Estas rutinas las puede realizar todo el mundo ya que se da la versi\u00f3n sin impacto de los ejercicios.<\/span><\/p>\n<p>[\/et_pb_blurb][et_pb_blurb image=\u00bbhttps:\/\/old.fuertafit.com\/wp-content\/uploads\/reloj-1.png\u00bb icon_placement=\u00bbleft\u00bb content_tablet=\u00bb<\/p>\n<p style=%22text-align: left;%22><span style=%22font-weight: 400;%22>Desde 6 hasta 30 minutos.<\/span><\/p>\n<p>\u00bb content_phone=\u00bb<\/p>\n<p style=%22text-align: left;%22><span style=%22font-weight: 400;%22>Desde 6 hasta 30 minutos.<\/span><\/p>\n<p>\u00bb content_last_edited=\u00bbon|phone\u00bb _builder_version=\u00bb4.9.4&#8243; _module_preset=\u00bbdefault\u00bb body_font=\u00bbMontserrat|500|||||||\u00bb body_font_size=\u00bb16px\u00bb body_line_height=\u00bb1.5em\u00bb text_orientation=\u00bbcenter\u00bb]<\/p>\n<p style=\"text-align: left; padding-left: 40px;\"><span style=\"font-weight: 400;\">Desde 6 hasta 30 minutos.<\/span><\/p>\n<p>[\/et_pb_blurb][\/et_pb_column][\/et_pb_row][\/et_pb_section][et_pb_section fb_built=\u00bb1&#8243; _builder_version=\u00bb4.9.4&#8243; _module_preset=\u00bbdefault\u00bb width=\u00bb70%\u00bb width_tablet=\u00bbauto\u00bb width_phone=\u00bbauto\u00bb width_last_edited=\u00bbon|phone\u00bb module_alignment=\u00bbcenter\u00bb custom_margin=\u00bb-20px||||false|false\u00bb custom_padding=\u00bb0px||||false|false\u00bb][et_pb_row _builder_version=\u00bb4.9.4&#8243; _module_preset=\u00bbdefault\u00bb custom_margin=\u00bb0px||0px||false|false\u00bb custom_padding=\u00bb0px||0px||false|false\u00bb][et_pb_column type=\u00bb4_4&#8243; _builder_version=\u00bb4.9.4&#8243; _module_preset=\u00bbdefault\u00bb][et_pb_video src=\u00bbhttps:\/\/old.fuertafit.com\/wp-content\/uploads\/REACCION.mp4&#8243; src_webm=\u00bbhttps:\/\/old.fuertafit.com\/wp-content\/uploads\/REACCION.mp4&#8243; _builder_version=\u00bb4.9.4&#8243; _module_preset=\u00bbdefault\u00bb max_width_tablet=\u00bb\u00bb max_width_phone=\u00bb100%\u00bb max_width_last_edited=\u00bbon|phone\u00bb min_height=\u00bb404px\u00bb min_height_tablet=\u00bb\u00bb min_height_phone=\u00bb\u00bb min_height_last_edited=\u00bbon|phone\u00bb][\/et_pb_video][et_pb_button button_url=\u00bbhttps:\/\/old.fuertafit.com\/tarifas\/?utm_medium=organic&#038;utm_source=web&#038;utm_campaign=recurrente&#038;utm_content=seccion_reaccion&#038;utm_term=me_apunto\u00bb button_text=\u00bbME APUNTO A FUERTAFIT+\u00bb button_alignment=\u00bbcenter\u00bb _builder_version=\u00bb4.9.4&#8243; _module_preset=\u00bbdefault\u00bb custom_button=\u00bbon\u00bb button_text_color=\u00bb#FFFFFF\u00bb button_bg_color=\u00bbgcid-9eb24584-77cd-47e6-9a4c-797d599e6428&#8243; button_border_radius=\u00bb20px\u00bb button_font=\u00bbHero Bold||||||||\u00bb custom_margin=\u00bb||||false|false\u00bb custom_padding=\u00bb0px||0px||false|false\u00bb global_colors_info=\u00bb{%22gcid-9eb24584-77cd-47e6-9a4c-797d599e6428%22:%91%22button_bg_color%22%93}\u00bb][\/et_pb_button][\/et_pb_column][\/et_pb_row][\/et_pb_section][et_pb_section fb_built=\u00bb1&#8243; _builder_version=\u00bb4.9.4&#8243; _module_preset=\u00bbdefault\u00bb background_color=\u00bb#21262a\u00bb vertical_offset=\u00bb-32px\u00bb z_index=\u00bb2&#8243; min_height=\u00bb180px\u00bb custom_padding=\u00bb16px||16px||true|false\u00bb top_divider_height=\u00bb50px\u00bb top_divider_repeat=\u00bb0x\u00bb top_divider_flip=\u00bbhorizontal\u00bb bottom_divider_height=\u00bb50px\u00bb bottom_divider_flip=\u00bbhorizontal\u00bb][et_pb_row _builder_version=\u00bb4.8.2&#8243; _module_preset=\u00bbdefault\u00bb min_height=\u00bb149px\u00bb custom_padding=\u00bb20px||5px||false|false\u00bb][et_pb_column type=\u00bb4_4&#8243; _builder_version=\u00bb4.7.7&#8243; _module_preset=\u00bbdefault\u00bb][et_pb_text admin_label=\u00bbNewsletter\u00bb _builder_version=\u00bb4.8.2&#8243; text_font=\u00bbMontserrat|300|||||||\u00bb text_font_size=\u00bb16px\u00bb text_line_height=\u00bb1.8em\u00bb header_font=\u00bb||||||||\u00bb header_2_font=\u00bbHero Bold|500|||||||\u00bb header_2_text_align=\u00bbcenter\u00bb header_2_text_color=\u00bb#8bc7b8&#8243; header_2_font_size=\u00bb32px\u00bb header_2_line_height=\u00bb1.5em\u00bb text_orientation=\u00bbcenter\u00bb max_width=\u00bb700px\u00bb module_alignment=\u00bbcenter\u00bb min_height=\u00bb32px\u00bb custom_margin=\u00bb||4px||false|false\u00bb custom_padding=\u00bb||||false|false\u00bb animation_direction=\u00bbright\u00bb]<\/p>\n<h2>Newsletter<\/h2>\n<p>[\/et_pb_text][et_pb_code _builder_version=\u00bb4.9.1&#8243; _module_preset=\u00bbdefault\u00bb]<div class=\"et_bloom_inline_form et_bloom_optin et_bloom_make_form_visible et_bloom_optin_12\" style=\"display: none;\">\n\t\t\t\t<style type=\"text\/css\">.et_bloom .et_bloom_optin_12 .et_bloom_form_content { background-color: #21262a !important; } .et_bloom .et_bloom_optin_12 .et_bloom_form_container .et_bloom_form_header { background-color: #ffffff !important; } .et_bloom .et_bloom_optin_12 .et_bloom_form_content button { background-color: #54C2C !important; } .et_bloom .et_bloom_optin_12 .et_bloom_form_content .et_bloom_fields i { color: #54C2C !important; } .et_bloom .et_bloom_optin_12 .et_bloom_form_content .et_bloom_custom_field_radio i:before { background: #54C2C !important; } .et_bloom .et_bloom_optin_12 .et_bloom_form_content button { background-color: #54C2C !important; } .et_bloom .et_bloom_optin_12 .et_bloom_form_container h2, .et_bloom .et_bloom_optin_12 .et_bloom_form_container h2 span, .et_bloom .et_bloom_optin_12 .et_bloom_form_container h2 strong { font-family: \"Open Sans\", Helvetica, Arial, Lucida, sans-serif; }.et_bloom .et_bloom_optin_12 .et_bloom_form_container p, .et_bloom .et_bloom_optin_12 .et_bloom_form_container p span, .et_bloom .et_bloom_optin_12 .et_bloom_form_container p strong, .et_bloom .et_bloom_optin_12 .et_bloom_form_container form input, .et_bloom .et_bloom_optin_12 .et_bloom_form_container form button span { font-family: \"Open Sans\", Helvetica, Arial, Lucida, sans-serif; } <\/style>\n\t\t\t\t<div class=\"et_bloom_form_container  et_bloom_rounded et_bloom_form_text_dark et_bloom_form_bottom et_bloom_inline_1_field\">\n\t\t\t\t\t\n\t\t\t<div class=\"et_bloom_form_container_wrapper clearfix\">\n\t\t\t\t<div class=\"et_bloom_header_outer\">\n\t\t\t\t\t<div class=\"et_bloom_form_header et_bloom_header_text_dark\">\n\t\t\t\t\t\t\n\t\t\t\t\t\t\n\t\t\t\t\t\t\n\t\t\t\t\t<\/div>\n\t\t\t\t<\/div>\n\t\t\t\t<div class=\"et_bloom_form_content et_bloom_1_field et_bloom_bottom_stacked\">\n\t\t\t\t\t\n\t\t\t\t\t\n\t\t\t\t\t<form method=\"post\" class=\"clearfix\">\n\t\t\t\t\t\t<div class=\"et_bloom_fields\">\n\t\t\t\t\t\t\t\n\t\t\t\t\t\t\t<p class=\"et_bloom_popup_input et_bloom_subscribe_email\">\n\t\t\t\t\t\t\t\t<input placeholder=\"Escribe tu correo electr\u00f3nico (el que uses m\u00e1s a menudo)\">\n\t\t\t\t\t\t\t<\/p>\n\t\t\t\t\t\t\t\n\t\t\t\t\t\t\t<button data-optin_id=\"optin_12\" data-service=\"activecampaign\" data-list_id=\"17\" data-page_id=\"28741\" data-account=\"fuertafit63599activehostedcom\" data-ip_address=\"true\" class=\"et_bloom_submit_subscription\">\n\t\t\t\t\t\t\t\t<span class=\"et_bloom_subscribe_loader\"><\/span>\n\t\t\t\t\t\t\t\t<span class=\"et_bloom_button_text et_bloom_button_text_color_light\">Descubre FUERTAFIT<\/span>\n\t\t\t\t\t\t\t<\/button>\n\t\t\t\t\t\t<\/div>\n\t\t\t\t\t<\/form>\n\t\t\t\t\t<div class=\"et_bloom_success_container\">\n\t\t\t\t\t\t<span class=\"et_bloom_success_checkmark\"><\/span>\n\t\t\t\t\t<\/div>\n\t\t\t\t\t<h2 class=\"et_bloom_success_message\">\u00a1Casi Listo! Recuerda ir al correo \u2709\ufe0f para confirmar, sino no podremos ponernos enviarte toda la info.<\/h2>\n\t\t\t\t\t\n\t\t\t\t<\/div>\n\t\t\t<\/div>\n\t\t\t<span class=\"et_bloom_close_button\"><\/span>\n\t\t\t\t<\/div>\n\t\t\t<\/div>[\/et_pb_code][\/et_pb_column][\/et_pb_row][\/et_pb_section]<\/p>\n","protected":false},"excerpt":{"rendered":"<p>ESTE ES UNO DE LOS PLANES QUE ENCONTRAR\u00c1S DENTRO DE FUERTAFIT+. HAZ CLIC AQU\u00cd SI QUIERES SABER TODOS LOS PLANES QUE TENDR\u00c1S AL INSCRIBIRTE A NUESTRO GIMNASIO ONLINE.REACCI\u00d3NRutinas cardiovasculares con cambios r\u00e1pidos de ejercicios a la se\u00f1al de los pitidos.Mejora tu resistencia y capacidad cardiorrespiratoria con estas rutinas divertidas.Intensidad media.Estas rutinas las puede realizar todo\u2026 <a href=\"https:\/\/old.fuertafit.com\/?post_type=et_pb_layout&#038;p=5070\">Read More &raquo;<\/a><\/p>\n","protected":false},"author":14,"featured_media":0,"parent":0,"menu_order":0,"comment_status":"closed","ping_status":"closed","template":"","meta":{"_et_pb_use_builder":"on","_et_pb_old_content":"","_et_gb_content_width":""},"yoast_head":"<!-- This site is optimized with the Yoast SEO plugin v20.3 - https:\/\/yoast.com\/wordpress\/plugins\/seo\/ -->\n<title>Reacci\u00f3n - Fuertafit<\/title>\n<meta name=\"robots\" content=\"index, follow, max-snippet:-1, max-image-preview:large, max-video-preview:-1\" \/>\n<link rel=\"canonical\" href=\"https:\/\/old.fuertafit.com\/?page_id=28741\" \/>\n<meta property=\"og:locale\" content=\"es_ES\" \/>\n<meta property=\"og:type\" content=\"article\" \/>\n<meta property=\"og:title\" content=\"Reacci\u00f3n - Fuertafit\" \/>\n<meta property=\"og:description\" content=\"Hey Fellow! Limited time offer. Get 10 free stock images. Yes, I\u2019m a dummy text. Anyway I look nice and useful. TRUSTED AND USED BY MANY HUMANS AND COMPANIES Yes, I\u2019m a dummy text. Anyway I look nice and useful. Yes, I\u2019m a dummy text. Anyway I look nice and useful. Yes, I\u2019m a dummy\u2026 Read More &raquo;\" \/>\n<meta property=\"og:url\" content=\"https:\/\/old.fuertafit.com\/?page_id=28741\" \/>\n<meta property=\"og:site_name\" content=\"Fuertafit\" \/>\n<meta property=\"article:publisher\" content=\"https:\/\/www.facebook.com\/Fuertafit-1339260542895841\/\" \/>\n<meta property=\"article:modified_time\" content=\"2021-06-21T09:33:40+00:00\" \/>\n<meta name=\"twitter:card\" content=\"summary_large_image\" \/>\n<meta name=\"twitter:label1\" content=\"Tiempo de lectura\" \/>\n\t<meta name=\"twitter:data1\" content=\"8 minutos\" \/>\n<script type=\"application\/ld+json\" class=\"yoast-schema-graph\">{\"@context\":\"https:\/\/schema.org\",\"@graph\":[{\"@type\":\"WebPage\",\"@id\":\"https:\/\/old.fuertafit.com\/?page_id=28741\",\"url\":\"https:\/\/old.fuertafit.com\/?page_id=28741\",\"name\":\"Reacci\u00f3n - Fuertafit\",\"isPartOf\":{\"@id\":\"https:\/\/old.fuertafit.com\/#website\"},\"datePublished\":\"2021-05-19T22:55:52+00:00\",\"dateModified\":\"2021-06-21T09:33:40+00:00\",\"breadcrumb\":{\"@id\":\"https:\/\/old.fuertafit.com\/?page_id=28741#breadcrumb\"},\"inLanguage\":\"es\",\"potentialAction\":[{\"@type\":\"ReadAction\",\"target\":[\"https:\/\/old.fuertafit.com\/?page_id=28741\"]}]},{\"@type\":\"BreadcrumbList\",\"@id\":\"https:\/\/old.fuertafit.com\/?page_id=28741#breadcrumb\",\"itemListElement\":[{\"@type\":\"ListItem\",\"position\":1,\"name\":\"Portada\",\"item\":\"https:\/\/old.fuertafit.com\/\"},{\"@type\":\"ListItem\",\"position\":2,\"name\":\"Reacci\u00f3n\"}]},{\"@type\":\"WebSite\",\"@id\":\"https:\/\/old.fuertafit.com\/#website\",\"url\":\"https:\/\/old.fuertafit.com\/\",\"name\":\"FuertaFit+ el Gimnasio Online m\u00e1s Fuertaco de Sergio Peinado\",\"description\":\"El m\u00e9todo de entrenamiento de Sergio Peinado\",\"publisher\":{\"@id\":\"https:\/\/old.fuertafit.com\/#organization\"},\"potentialAction\":[{\"@type\":\"SearchAction\",\"target\":{\"@type\":\"EntryPoint\",\"urlTemplate\":\"https:\/\/old.fuertafit.com\/?s={search_term_string}\"},\"query-input\":\"required name=search_term_string\"}],\"inLanguage\":\"es\"},{\"@type\":\"Organization\",\"@id\":\"https:\/\/old.fuertafit.com\/#organization\",\"name\":\"FuertaFit+ el Gimnasio Online m\u00e1s Fuertaco de Sergio Peinado\",\"url\":\"https:\/\/old.fuertafit.com\/\",\"logo\":{\"@type\":\"ImageObject\",\"inLanguage\":\"es\",\"@id\":\"https:\/\/old.fuertafit.com\/#\/schema\/logo\/image\/\",\"url\":\"https:\/\/old.fuertafit.com\/wp-content\/uploads\/fuertafit.png\",\"contentUrl\":\"https:\/\/old.fuertafit.com\/wp-content\/uploads\/fuertafit.png\",\"width\":1217,\"height\":354,\"caption\":\"FuertaFit+ el Gimnasio Online m\u00e1s Fuertaco de Sergio Peinado\"},\"image\":{\"@id\":\"https:\/\/old.fuertafit.com\/#\/schema\/logo\/image\/\"},\"sameAs\":[\"https:\/\/www.facebook.com\/Fuertafit-1339260542895841\/\",\"https:\/\/www.instagram.com\/fuertafit\/\",\"https:\/\/www.youtube.com\/channel\/UCfQ_CQgctR53r4OSsloKYTA\"]}]}<\/script>\n<!-- \/ Yoast SEO plugin. -->","yoast_head_json":{"title":"Reacci\u00f3n - Fuertafit","robots":{"index":"index","follow":"follow","max-snippet":"max-snippet:-1","max-image-preview":"max-image-preview:large","max-video-preview":"max-video-preview:-1"},"canonical":"https:\/\/old.fuertafit.com\/?page_id=28741","og_locale":"es_ES","og_type":"article","og_title":"Reacci\u00f3n - Fuertafit","og_description":"Hey Fellow! Limited time offer. Get 10 free stock images. Yes, I\u2019m a dummy text. Anyway I look nice and useful. TRUSTED AND USED BY MANY HUMANS AND COMPANIES Yes, I\u2019m a dummy text. Anyway I look nice and useful. Yes, I\u2019m a dummy text. Anyway I look nice and useful. Yes, I\u2019m a dummy\u2026 Read More &raquo;","og_url":"https:\/\/old.fuertafit.com\/?page_id=28741","og_site_name":"Fuertafit","article_publisher":"https:\/\/www.facebook.com\/Fuertafit-1339260542895841\/","article_modified_time":"2021-06-21T09:33:40+00:00","twitter_card":"summary_large_image","twitter_misc":{"Tiempo de lectura":"8 minutos"},"schema":{"@context":"https:\/\/schema.org","@graph":[{"@type":"WebPage","@id":"https:\/\/old.fuertafit.com\/?page_id=28741","url":"https:\/\/old.fuertafit.com\/?page_id=28741","name":"Reacci\u00f3n - Fuertafit","isPartOf":{"@id":"https:\/\/old.fuertafit.com\/#website"},"datePublished":"2021-05-19T22:55:52+00:00","dateModified":"2021-06-21T09:33:40+00:00","breadcrumb":{"@id":"https:\/\/old.fuertafit.com\/?page_id=28741#breadcrumb"},"inLanguage":"es","potentialAction":[{"@type":"ReadAction","target":["https:\/\/old.fuertafit.com\/?page_id=28741"]}]},{"@type":"BreadcrumbList","@id":"https:\/\/old.fuertafit.com\/?page_id=28741#breadcrumb","itemListElement":[{"@type":"ListItem","position":1,"name":"Portada","item":"https:\/\/old.fuertafit.com\/"},{"@type":"ListItem","position":2,"name":"Reacci\u00f3n"}]},{"@type":"WebSite","@id":"https:\/\/old.fuertafit.com\/#website","url":"https:\/\/old.fuertafit.com\/","name":"FuertaFit+ el Gimnasio Online m\u00e1s Fuertaco de Sergio Peinado","description":"El m\u00e9todo de entrenamiento de Sergio Peinado","publisher":{"@id":"https:\/\/old.fuertafit.com\/#organization"},"potentialAction":[{"@type":"SearchAction","target":{"@type":"EntryPoint","urlTemplate":"https:\/\/old.fuertafit.com\/?s={search_term_string}"},"query-input":"required name=search_term_string"}],"inLanguage":"es"},{"@type":"Organization","@id":"https:\/\/old.fuertafit.com\/#organization","name":"FuertaFit+ el Gimnasio Online m\u00e1s Fuertaco de Sergio Peinado","url":"https:\/\/old.fuertafit.com\/","logo":{"@type":"ImageObject","inLanguage":"es","@id":"https:\/\/old.fuertafit.com\/#\/schema\/logo\/image\/","url":"https:\/\/old.fuertafit.com\/wp-content\/uploads\/fuertafit.png","contentUrl":"https:\/\/old.fuertafit.com\/wp-content\/uploads\/fuertafit.png","width":1217,"height":354,"caption":"FuertaFit+ el Gimnasio Online m\u00e1s Fuertaco de Sergio Peinado"},"image":{"@id":"https:\/\/old.fuertafit.com\/#\/schema\/logo\/image\/"},"sameAs":["https:\/\/www.facebook.com\/Fuertafit-1339260542895841\/","https:\/\/www.instagram.com\/fuertafit\/","https:\/\/www.youtube.com\/channel\/UCfQ_CQgctR53r4OSsloKYTA"]}]}},"_links":{"self":[{"href":"https:\/\/old.fuertafit.com\/index.php?rest_route=\/wp\/v2\/pages\/28741"}],"collection":[{"href":"https:\/\/old.fuertafit.com\/index.php?rest_route=\/wp\/v2\/pages"}],"about":[{"href":"https:\/\/old.fuertafit.com\/index.php?rest_route=\/wp\/v2\/types\/page"}],"author":[{"embeddable":true,"href":"https:\/\/old.fuertafit.com\/index.php?rest_route=\/wp\/v2\/users\/14"}],"replies":[{"embeddable":true,"href":"https:\/\/old.fuertafit.com\/index.php?rest_route=%2Fwp%2Fv2%2Fcomments&post=28741"}],"version-history":[{"count":22,"href":"https:\/\/old.fuertafit.com\/index.php?rest_route=\/wp\/v2\/pages\/28741\/revisions"}],"predecessor-version":[{"id":30501,"href":"https:\/\/old.fuertafit.com\/index.php?rest_route=\/wp\/v2\/pages\/28741\/revisions\/30501"}],"wp:attachment":[{"href":"https:\/\/old.fuertafit.com\/index.php?rest_route=%2Fwp%2Fv2%2Fmedia&parent=28741"}],"curies":[{"name":"wp","href":"https:\/\/api.w.org\/{rel}","templated":true}]}}